 z(g) = -g**2 + 41*g + 237. Let o be z(38). Let f be (-2 - -1)*27*-1. What is the highest common factor of f and o?
27
Let l be ((-51)/(-2) - 3)/(44/88). Calculate the highest common factor of 9 and l.
9
Let i be (-2 - -15)*(-14 - -13). Let b = i + 14. Let h be (b + -61)/(8/(-16)*3). What is the highest common factor of 100 and h?
20
Let z = 415 + -406. Suppose -z*i = 499 - 598. What is the greatest common factor of 44 and i?
11
Suppose 3*b + 2*n - 3979 = 0, -n - 2059 - 582 = -2*b. What is the greatest common divisor of 49 and b?
49
Let i(m) = 3*m + 53. Let f be i(-6). Let r = -42 + 60. Suppose 8 = -2*c + r. What is the greatest common factor of f and c?
5
Suppose -3*j + 4*b + 1396 = -2000, -5*j + b + 5694 = 0. Let z(h) = 13*h - 5. Let r be z(5). What is the greatest common divisor of j and r?
60
Let y(w) be the second derivative of -w**5/20 + w**4/2 - w**3/2 - 5*w**2/2 + 57*w. Let g be y(4). Calculate the greatest common factor of 15 and g.
15
Let v(k) = -9*k**2 + 9*k - 17. Let j be v(4). Let b = j - -179. Calculate the greatest common divisor of b and 27.
27
Let o be 7*(1 - 2/14). Suppose -98 = -4*t - 2*r, -2*t - 3*t + 100 = -5*r. Suppose t*y = 27*y - 84. Calculate the highest common factor of o and y.
3
Let p(i) = 2. Let r(y) = -2*y + 64. Let d(g) = -2*p(g) + r(g). Let k be d(5). Calculate the highest common factor of 20 and k.
10
Suppose 5*l - 88 + 118 = 0, 4*j + 2*l = 2572. What is the greatest common divisor of j and 152?
38
Let c = -2527 + 3541. What is the highest common divisor of 18 and c?
6
Let h be 84/(-35)*572750/(-237). Calculate the highest common factor of h and 928.
232
Suppose -107 = -9*p - 89. Suppose 3*n - 876 = -p*i, -4*n = -26*i + 24*i + 890. What is the greatest common factor of i and 49?
49
Let b = 77 + -93. Let d be b/(1280/(-23550)) - (-3)/(-8). What is the greatest common factor of d and 63?
21
Let z = -1616 + 1746. What is the greatest common divisor of z and 100?
10
Suppose -1563 = -2*a - 471. Suppose -105*g - a = -108*g. Calculate the greatest common divisor of g and 52.
26
Let t = 3466 - 2614. What is the highest common divisor of 12 and t?
12
Let o(g) = 33*g - 21. Let u be 3/(4 - 65/15). Let z(d) = d + 1. Let r(k) = u*z(k) - o(k). Let i be r(-6). What is the highest common divisor of i and 33?
33
Let h = -5912 + 6224. Calculate the greatest common factor of 351 and h.
39
Suppose 4*t + 30 = 30. Suppose t = -1004*v + 997*v + 6664. What is the highest common divisor of 56 and v?
56
Let y be (-8)/14 - (-914)/7. Suppose -q - 17 = -2*l, 3*l = -l + q + 33. Let s be (4/(-10))/(l/(-520)). Calculate the highest common divisor of y and s.
26
Let a be ((-2)/4)/((-12)/(-243936)*-7). What is the greatest common divisor of a and 84?
12
Let t(b) = b**2 - 6*b + 8. Let l be t(4). Let v be -5 + 14 + (l - 4). Suppose -6*y - 6 = -3*y, -y = v*h - 418. Calculate the greatest common factor of 28 and h.
28
Suppose -n - 2398 = -3*a, -n - 2795 = -4*a + 403. Suppose o + a = 9*o. What is the highest common divisor of 60 and o?
20
Let h(b) = -b + 61. Let v(x) = -1. Let f(q) = h(q) - 3*v(q). Let t be f(5). What is the highest common divisor of t and 531?
59
Let c(z) = 5*z**3 + 4*z**2 + 3. Let y be c(-3). Let g be (-82)/(-8) + 24/y. Calculate the greatest common factor of g and 80.
10
Suppose -315 = -5*y + 5*a, 4*y - 264 = -4*a + 2*a. Suppose -h + 2*x + 4 = 0, 2*h + x - 20 - 3 = 0. Calculate the highest common factor of y and h.
5
Let c(a) = a**3 + 6*a**2 - 4*a + 9. Let o be c(-5). What is the greatest common factor of 360 and o?
18
Suppose -579 + 47 = -t + 157. What is the greatest common factor of t and 477?
53
Let i(s) = s**3 + 11*s**2 + 13*s + 19. Let g be i(-9). Let x be ((-8)/(-20) - 1) + 326/10. Calculate the highest common factor of x and g.
32
Suppose 2*j + 2*f = 8, -j + 5*j - 14 = -2*f. Suppose 2*t + l - 8 = 0, t - 1 + 2 = -j*l. What is the highest common factor of t and 155?
5
Let z be 48 + 1/1 + -1. Let n(j) = -21*j - 199. Suppose -2*d = a - 3*a + 20, -d - 4*a = 15. Let k be n(d). What is the greatest common factor of k and z?
16
Suppose 5*w + 12 = -3. Let q be w/6*(0 + -8). Suppose -7*b - 9*b + 32 = 0. What is the highest common divisor of q and b?
2
Let b = 40 + -40. Suppose b = 2*c - 3*r - 182 - 131, 0 = 5*c - 4*r - 786. Let k = c - 89. Calculate the highest common divisor of k and 23.
23
Let h = 2 - -2. Suppose -4*s + 4*q = -72, -57*q - 46 = -3*s - 58*q. Calculate the greatest common factor of h and s.
4
Let t = 5018 + -4142. Calculate the highest common factor of 60 and t.
12
Suppose 17*n = -666 + 10543. Suppose 10*g - n = -81. Calculate the highest common divisor of 150 and g.
50
Let c(g) be the third derivative of -97*g**4/12 + g**3/3 + 35*g**2 - 3. Let r be c(-2). Calculate the greatest common divisor of r and 30.
30
Let j be -6*(-1 - 16) - (-119)/((-4998)/(-252)). What is the greatest common divisor of 228 and j?
12
Let n be (-108)/486 - 1334/(-9). Suppose -2*t + 214 = n. What is the highest common factor of 55 and t?
11
Suppose -8*s - 32 = 0, s - 643 - 118 = -5*j. Calculate the greatest common divisor of 629 and j.
17
Let z = 247 - 130. Suppose 4*q - 17*q - 2106 = 0. Let g = q + 188. What is the highest common divisor of g and z?
13
Let m be 15 - 315997/(-138) - ((-10)/(-12) - 0). What is the highest common factor of m and 36?
36
Let m(l) = -4*l**3 + 4*l**2 - 202*l - 600. Let t be m(-3). Calculate the highest common factor of 186 and t.
6
Let b be 184*2 - (-88)/8. Suppose 0 = -0*y - 3*y + 12. Suppose y*h + 2*f = 482, 0*f + 2*f + b = 3*h. Calculate the highest common divisor of 82 and h.
41
Let c(o) = -o**3 + 27*o**2 + 26*o + 74. Let a be c(28). Let i be ((-19)/(-2) + 4)*a - 5. Calculate the greatest common divisor of 34 and i.
34
Suppose k = 2*h + 16, -4*k - 4*h + 38 = -k. What is the highest common divisor of k and 1946?
14
Let q be (1 - -81)*(-6)/(-4). Let a(u) = 28*u**2 - 394*u + 393. Let s be a(13). Calculate the highest common divisor of q and s.
3
Let s be ((-1320)/135)/((-1)/18). What is the greatest common divisor of 396 and s?
44
Let x = -14266 + 14510. What is the highest common divisor of 1647 and x?
61
Suppose -79*o + 550 = -89*o. Let t be (-11)/(o/936) + (-4)/20. What is the greatest common factor of 34 and t?
17
Let b = 563 - 522. Let g = 959 - b. Calculate the highest common factor of g and 34.
34
Let q(x) = x - 5. Suppose -10 = -5*z, -2 = c + 4*c + 4*z. Let b be (-240)/(-16) - (-4)/c. Let k be q(b). What is the greatest common factor of k and 88?
8
Suppose -14*x - 119 + 903 = 0. What is the highest common factor of x and 552?
8
Let m = 7815 - 7810. Let u be 0 - (-1*2 + 3). Let x be (2 + u)/((-1)/(-55)). What is the greatest common factor of x and m?
5
Let z(y) = 3 - 22*y - 15*y + 41*y + 4 - 15*y. Let s be 2 + 2*(-10)/4. Let q be z(s). Calculate the highest common divisor of q and 50.
10
Let y(i) = 20*i - 1. Let o be y(2). Suppose 5*l + 44*b - 40*b = -76, l + 14 = -b. Let n = l + o. Calculate the highest common divisor of n and 171.
19
Let x = 78 + 0. Let p be (20 + -33)/(2*(-1)/16). Calculate the greatest common divisor of p and x.
26
Let f(r) = -r**2 + 29*r + 18. Let n be f(13). Let t = n + -44. Let u be 1 + 14 + -14 + 13. Calculate the greatest common divisor of u and t.
14
Suppose -3*n = -5*x + 56, 14 - 34 = -3*x - 5*n. Suppose 4*o - 3*o = 3. Suppose -o*s = -6*s + 75. What is the highest common divisor of s and x?
5
Let w(r) = -2*r**2 - 11*r + 3. Let q = -8 - -4. Let m be w(q). Calculate the highest common divisor of 12 and m.
3
Let c be 1*(0 - -1)*-43. Let v = -1644 + 1650. Let d = v - c. What is the highest common divisor of 7 and d?
7
Let v(o) = -3*o + 123. Let r be v(15). Let l(u) = 21*u**3 - 2*u**2 + 1. Let d be l(1). Let x = d - -6. Calculate the greatest common factor of r and x.
26
Suppose -50*g - 39*g = -12*g - 998613. Calculate the greatest common divisor of g and 33.
33
Suppose 4805*l - 4822*l = -22950. What is the highest common divisor of l and 40?
10
Suppose 56 = 2*j + 4*f, -121 + 18 = -4*j + f. Suppose -2*d - 1316*r = -1313*r - 212, 0 = -3*d - r + 283. What is the highest common factor of j and d?
13
Let o be (8/12)/((-8)/(-84)). Let v(t) = -2*t**2 + 20*t - 12. Let l be v(o). Calculate the greatest common divisor of 240 and l.
30
Let i = 20 - 11. Let l be (6/2)/(i/630). What is the h